emainder when 193896 is divided by 1319.
3
Calculate the remainder when 19661 is divided by 132.
125
Calculate the remainder when 9499 is divided by 800.
699
What is the remainder when 11643 is divided by 173?
52
What is the remainder when 3342 is divided by 1655?
32
Calculate the remainder when 12810 is divided by 168.
42
Calculate the remainder when 80501 is divided by 1748.
93
Calculate the remainder when 13097 is divided by 1870.
7
Calculate the remainder when 74006 is divided by 24665.
11
Calculate the remainder when 1595 is divided by 114.
113
What is the remainder when 13603 is divided by 243?
238
Calculate the remainder when 103987 is divided by 634.
11
Calculate the remainder when 631752 is divided by 33249.
21
What is the remainder when 107224 is divided by 6?
4
What is the remainder when 3280 is divided by 2700?
580
Calculate the remainder when 25648 is divided by 60.
28
Calculate the remainder when 12691 is divided by 17.
9
Calculate the remainder when 5053 is divided by 194.
9
Calculate the remainder when 23981 is divided by 377.
230
What is the remainder when 979 is divided by 129?
76
Calculate the remainder when 134736 is divided by 439.
402
Calculate the remainder when 613038 is divided by 316.
314
What is the remainder when 3111 is divided by 130?
121
Calculate the remainder when 8321 is divided by 63.
5
What is the remainder when 550025 is divided by 16?
9
Calculate the remainder when 5381 is divided by 227.
160
Calculate the remainder when 2456 is divided by 25.
6
Calculate the remainder when 12344 is divided by 103.
87
Calculate the remainder when 1435958 is divided by 10.
8
Calculate the remainder when 34508 is divided by 17.
15
What is the remainder when 132258 is divided by 282?
0
Calculate the remainder when 118056 is divided by 476.
8
What is the remainder when 144776 is divided by 20676?
44
What is the remainder when 2114 is divided by 292?
70
What is the remainder when 6729 is divided by 1331?
74
Calculate the remainder when 216030 is divided by 18.
12
Calculate the remainder when 533302 is divided by 27.
25
What is the remainder when 2648 is divided by 881?
5
What is the remainder when 20412 is divided by 32?
28
Calculate the remainder when 90164 is divided by 398.
216
What is the remainder when 116304 is divided by 38768?
0
What is the remainder when 360741 is divided by 13?
4
Calculate the remainder when 4279 is divided by 1406.
61
What is the remainder when 6253 is divided by 231?
16
Calculate the remainder when 69656 is divided by 54.
50
What is the remainder when 6842 is divided by 3353?
136
What is the remainder when 1314 is divided by 131?
4
Calculate the remainder when 45081 is divided by 45055.
26
Calculate the remainder when 44914 is divided by 27.
13
What is the remainder when 27709 is divided by 165?
154
What is the remainder when 24388 is divided by 3?
1
What is the remainder when 20053 is divided by 1666?
61
Calculate the remainder when 19168 is divided by 144.
16
What is the remainder when 99253 is divided by 2157?
31
Calculate the remainder when 877834 is divided by 1146.
1144
Calculate the remainder when 20287 is divided by 6733.
88
Calculate the remainder when 8946 is divided by 2232.
18
Calculate the remainder when 2676 is divided by 1334.
8
Calculate the remainder when 228394 is divided by 18.
10
Calculate the remainder when 753 is divided by 240.
33
Calculate the remainder when 1157 is divided by 542.
73
Calculate the remainder when 49319 is divided by 30.
29
Calculate the remainder when 119476 is divided by 66.
16
What is the remainder when 20511 is divided by 909?
513
Calculate the remainder when 57761 is divided by 3843.
116
What is the remainder when 2145 is divided by 85?
20
What is the remainder when 1900694 is divided by 106?
8
What is the remainder when 44590 is divided by 145?
75
What is the remainder when 5007 is divided by 5?
2
What is the remainder when 40725 is divided by 10180?
5
What is the remainder when 2046 is divided by 396?
66
Calculate the remainder when 5227 is divided by 1722.
61
Calculate the remainder when 164249 is divided by 172.
161
What is the remainder when 1953 is divided by 148?
29
Calculate the remainder when 13797 is divided by 50.
47
Calculate the remainder when 30475 is divided by 508.
503
Calculate the remainder when 1634 is divided by 182.
178
Calculate the remainder when 155495 is divided by 311.
306
What is the remainder when 1173 is divided by 710?
463
Calculate the remainder when 131440 is divided by 3755.
15
What is the remainder when 2086 is divided by 38?
34
Calculate the remainder when 159731 is divided by 254.
219
Calculate the remainder when 13679 is divided by 285.
284
Calculate the remainder when 2055 is divided by 856.
343
What is the remainder when 5521 is divided by 1079?
126
Calculate the remainder when 258477 is divided by 341.
340
What is the remainder when 1544696 is divided by 99?
98
What is the remainder when 10610 is divided by 28?
26
Calculate the remainder when 9497 is divided by 183.
164
Calculate the remainder when 7045 is divided by 211.
82
What is the remainder when 3695 is divided by 919?
19
Calculate the remainder when 198657 is divided by 860.
857
What is the remainder when 1627430 is divided by 325484?
10
What is the remainder when 82162 is divided by 71?
15
Calculate the remainder when 16238 is divided by 116.
114
What is the remainder when 21424 is divided by 2356?
220
Calculate the remainder when 15406 is divided by 411.
199
What is the remainder when 165 is divided by 137?
28
Calculate the remainder when 13069 is divided by 2178.
1
Calculate the remainder when 8091 is divided by 2692.
15
Calculate the remainder when 9212 is divided by 12.
8
What is the remainder when 435971 is divided by 31138?
39
Calculate the remainder when 40420 is divided by 20204.
12
Calculate the remainder when 4059 is divided by 947.
271
What is the remainder when 8975 is divided by 289?
16
Calculate the remainder when 104367 is divided by 2675.
42
What is the remainder when 12659 is divided by 12634?
25
What is the remainder when 140565 is divided by 622?
615
Calculate the remainder when 16883 is divided by 30.
23
What is the remainder when 15279 is divided by 4?
3
What is the remainder when 18349 is divided by 24?
13
Calculate the remainder when 109919 is divided by 43.
11
What is the remainder when 1250 is divided by 493?
264
Calculate the remainder when 916 is divided by 18.
16
What is the remainder when 10810 is divided by 319?
283
What is the remainder when 76629 is divided by 23?
16
What is the remainder when 78026 is divided by 605?
586
Calculate the remainder when 69253 is divided by 69248.
5
Calculate the remainder when 70774 is divided by 5.
4
What is the remainder when 71928 is divided by 183?
9
What is the remainder when 12479 is divided by 815?
254
Calculate the remainder when 2713414 is divided by 12.
10
Calculate the remainder when 1401 is divided by 439.
84
Calculate the remainder when 23218 is divided by 6.
4
What is the remainder when 574035 is divided by 635?
630
What is the remainder when 57470 is divided by 18?
14
What is the remainder when 71387 is divided by 159?
155
Calculate the remainder when 38953 is divided by 70.
33
What is the remainder when 41326 is divided by 2951?
12
Calculate the remainder when 102155 is divided by 102132.
23
What is the remainder when 215485 is divided by 14?
11
What is the remainder when 40117 is divided by 390?
337
Calculate the remainder when 11091 is divided by 170.
41
What is the remainder when 130273 is divided by 21712?
1
What is the remainder when 7987 is divided by 111?
106
What is the remainder when 2813264 is divided by 135?
134
Calculate the remainder when 7977 is divided by 133.
130
What is the remainder when 4133 is divided by 158?
25
What is the remainder when 59310 is divided by 119?
48
Calculate the remainder when 28034 is divided by 305.
279
What is the remainder when 22804 is divided by 10559?
1686
Calculate the remainder when 426610 is divided by 189.
37
What is the remainder when 36973 is divided by 333?
10
What is the remainder when 3046 is divided by 42?
22
Calculate the remainder when 59985 is divided by 11966.
155
Calculate the remainder when 203276 is divided by 41.
